{"id":513,"date":"2020-09-24T14:13:51","date_gmt":"2020-09-24T17:13:51","guid":{"rendered":"https:\/\/www.uberpisos.com.br\/sitenovo\/?page_id=513"},"modified":"2020-09-24T14:21:26","modified_gmt":"2020-09-24T17:21:26","slug":"empresa","status":"publish","type":"page","link":"https:\/\/www.uberpisos.com.br\/sitenovo\/empresa\/","title":{"rendered":"Empresa"},"content":{"rendered":"<p>[vc_row][vc_column width=&#8221;1\/2&#8243;][vc_single_image image=&#8221;479&#8243; img_size=&#8221;843&#215;591&#8243; alignment=&#8221;center&#8221; style=&#8221;vc_box_shadow&#8221; css_animation=&#8221;bounceIn&#8221;][\/vc_column][vc_column width=&#8221;1\/2&#8243;][vc_single_image image=&#8221;478&#8243; img_size=&#8221;843&#215;591&#8243; alignment=&#8221;center&#8221; style=&#8221;vc_box_shadow&#8221; css_animation=&#8221;bounceIn&#8221;][\/vc_column][\/vc_row][vc_row][vc_column][vc_column_text]<\/p>\n<h3 style=\"text-align: left;\"><\/h3>\n<h3 style=\"text-align: left;\"><strong>&#8221; A fam\u00edlia Gabelline chegou \u00e0 Ribeir\u00e3o Preto para o mercado de vendas de tintas, trazendo de Uberaba,\u00a0<\/strong><strong>a Ubertintas.<\/strong><\/h3>\n<h3 style=\"text-align: left;\"><strong>\u200bPensando em expandir o mercado em acabamentos da Constru\u00e7\u00e3o Civil, iniciou a venda de pisos e revestimentos. E assim nasceu a Uberpisos Acabamentos, uma empresa atuante a mais de 20 anos, que se tornou refer\u00eancia em revestimentos, porcelanato, metais e lou\u00e7as.&#8221;\u00a0<\/strong><\/h3>\n<p>[\/vc_column_text][\/vc_column][\/vc_row][vc_row][vc_column][vc_column_text]<\/p>\n<p style=\"text-align: center;\"><div id=\"69e4d4c4ec582\" class=\"gg_gallery_wrap gg_collection_wrap cid_44\" rel=\"44\" data-ggom_fx=\"\" data-ggom_timing=\"300\">  <table class=\"gg_coll_table\">  <tr><td class=\"gg_coll_table_cell gg_coll_table_first_cell\"><div id=\"ggco_44\" class=\"gg_coll_outer_container  gg_hidden_ol gg_ol_bottom_mode gg_main_ol_show_on_h\" data-gg_ol=\"default\"><div class=\"gg_container gg_coll_container\"><div class=\"gg_loader\">  <div class=\"ggl_1\"><\/div>  <div class=\"ggl_2\"><\/div>  <div class=\"ggl_3\"><\/div>  <div class=\"ggl_4\"><\/div><\/div>  <div class=\"gg_coll_img_wrap  ggc_46\">  <div class=\"gg_img gg_coll_img \" rel=\"508\" data-gall-data=\"eyJpZCI6NTA4LCJyYW5kIjowLCJmaWx0ZXJzIjowLCJzZWFyY2giOjAsIndtYXJrIjowfQ==\" style=\"padding-bottom: 140px\" >  <div class=\"gg_main_img_wrap\">  <div class=\"gg_img_wrap_inner\">  <img src=\"\" data-gg-lazy-src=\"\/\/www.uberpisos.com.br\/sitenovo\/wp-content\/uploads\/ewpt_cache\/402x140_90_1_c_FFFFFF_49e0f151fc6ec919fbfae93ccdac37bb.png\" alt=\"Loja 1\" class=\"gg_photo gg_main_thumb\" \/>  <noscript><img src=\"\/home\/uberpisos\/www\/sitenovo\/wp-content\/uploads\/2020\/09\/f_loja1.png\" alt=\"Loja 1\" \/><\/noscript>  <\/div>  <\/div>  <div class=\"gg_overlays\"><\/div>  <\/div>    <\/div>  <div class=\"gg_coll_img_wrap  ggc_47\">  <div class=\"gg_img gg_coll_img \" rel=\"509\" data-gall-data=\"eyJpZCI6NTA5LCJyYW5kIjowLCJmaWx0ZXJzIjowLCJzZWFyY2giOjAsIndtYXJrIjowfQ==\" style=\"padding-bottom: 140px\" >  <div class=\"gg_main_img_wrap\">  <div class=\"gg_img_wrap_inner\">  <img src=\"\" data-gg-lazy-src=\"\/\/www.uberpisos.com.br\/sitenovo\/wp-content\/uploads\/ewpt_cache\/402x140_90_1_c_FFFFFF_94106f1dcb2cd591465a6adff5f9b54e.png\" alt=\"Loja 2\" class=\"gg_photo gg_main_thumb\" \/>  <noscript><img src=\"\/home\/uberpisos\/www\/sitenovo\/wp-content\/uploads\/2020\/09\/f_loja2.png\" alt=\"Loja 2\" \/><\/noscript>  <\/div>  <\/div>  <div class=\"gg_overlays\"><\/div>  <\/div>    <\/div><\/div><\/div><\/td><td class=\"gg_coll_table_cell\"><div class=\"gg_coll_gallery_container\">   <span id=\"gg_cgb_69e4d4c4ec582\" class=\"gg_coll_go_back gg_coll_back_to_new_style\">Voltar para a cole\u00e7\u00e3o<\/span>   <div class=\"gg_gallery_wrap\"><\/div><\/div><\/td><\/tr><\/table><div style=\"clear: both;\"><\/div><\/div><script type=\"text\/javascript\"> jQuery(document).ready(function($) { if(typeof(gg_galleries_init) == \"function\") {gg_galleries_init(\"69e4d4c4ec582\");}});<\/script><\/p>\n<p>[\/vc_column_text][\/vc_column][\/vc_row]<\/p>\n","protected":false},"excerpt":{"rendered":"<p>[vc_row][vc_column width=&#8221;1\/2&#8243;][vc_single_image image=&#8221;479&#8243; img_size=&#8221;843&#215;591&#8243; alignment=&#8221;center&#8221; style=&#8221;vc_box_shadow&#8221; css_animation=&#8221;bounceIn&#8221;][\/vc_column][vc_column width=&#8221;1\/2&#8243;][vc_single_image image=&#8221;478&#8243; img_size=&#8221;843&#215;591&#8243; alignment=&#8221;center&#8221; style=&#8221;vc_box_shadow&#8221; css_animation=&#8221;bounceIn&#8221;][\/vc_column][\/vc_row][vc_row][vc_column][vc_column_text] &#8221; A fam\u00edlia Gabelline chegou \u00e0 Ribeir\u00e3o Preto para o mercado de vendas<span class=\"excerpt-hellip\"> [\u2026]<\/span><\/p>\n","protected":false},"author":1,"featured_media":0,"parent":0,"menu_order":0,"comment_status":"closed","ping_status":"closed","template":"","meta":{"_joinchat":[]},"_links":{"self":[{"href":"https:\/\/www.uberpisos.com.br\/sitenovo\/wp-json\/wp\/v2\/pages\/513"}],"collection":[{"href":"https:\/\/www.uberpisos.com.br\/sitenovo\/wp-json\/wp\/v2\/pages"}],"about":[{"href":"https:\/\/www.uberpisos.com.br\/sitenovo\/wp-json\/wp\/v2\/types\/page"}],"author":[{"embeddable":true,"href":"https:\/\/www.uberpisos.com.br\/sitenovo\/wp-json\/wp\/v2\/users\/1"}],"replies":[{"embeddable":true,"href":"https:\/\/www.uberpisos.com.br\/sitenovo\/wp-json\/wp\/v2\/comments?post=513"}],"version-history":[{"count":6,"href":"https:\/\/www.uberpisos.com.br\/sitenovo\/wp-json\/wp\/v2\/pages\/513\/revisions"}],"predecessor-version":[{"id":515,"href":"https:\/\/www.uberpisos.com.br\/sitenovo\/wp-json\/wp\/v2\/pages\/513\/revisions\/515"}],"wp:attachment":[{"href":"https:\/\/www.uberpisos.com.br\/sitenovo\/wp-json\/wp\/v2\/media?parent=513"}],"curies":[{"name":"wp","href":"https:\/\/api.w.org\/{rel}","templated":true}]}}